ighest common factor of 3668 and 1083768?
28
What is the highest common divisor of 2880 and 5421888?
576
What is the highest common divisor of 9789 and 17598363?
753
What is the greatest common divisor of 363482 and 106386?
14
Calculate the highest common divisor of 153239 and 7121951.
293
What is the highest common divisor of 5194 and 306976?
106
What is the highest common divisor of 182 and 67642991?
13
Calculate the greatest common divisor of 2695788 and 1480.
4
What is the greatest common factor of 469952 and 2864?
16
What is the greatest common factor of 304 and 43963568?
304
What is the greatest common factor of 474360 and 336?
24
What is the highest common divisor of 803007 and 2673?
27
What is the greatest common divisor of 10653 and 654523?
67
Calculate the highest common divisor of 228123 and 7021971.
1917
What is the greatest common factor of 2896683 and 801?
267
What is the highest common factor of 637515 and 1605?
15
What is the greatest common divisor of 184756955 and 10?
5
What is the greatest common divisor of 834 and 363984?
6
What is the greatest common divisor of 324186388 and 4932?
548
What is the highest common divisor of 788430 and 1025?
205
What is the highest common divisor of 60 and 693740?
20
What is the greatest common divisor of 44910800 and 7552?
944
What is the highest common factor of 6774950 and 1750?
350
What is the highest common divisor of 776 and 76137?
1
What is the highest common divisor of 253 and 86941909?
23
What is the highest common factor of 2401046 and 1258?
34
Calculate the greatest common divisor of 1743480 and 812.
116
Calculate the highest common divisor of 794 and 17234167.
397
Calculate the greatest common divisor of 375708 and 2112.
12
Calculate the greatest common factor of 36164814 and 714.
714
Calculate the greatest common factor of 565 and 110067085.
565
Calculate the highest common factor of 1716 and 8194758.
858
What is the greatest common factor of 2848210 and 38887?
1051
Calculate the highest common factor of 20900 and 159258.
418
What is the highest common divisor of 4114008 and 1512?
72
What is the greatest common divisor of 49184524 and 59?
59
What is the greatest common factor of 5066 and 3249992?
34
What is the highest common divisor of 4813437468 and 84?
84
What is the highest common divisor of 511308 and 66969?
63
Calculate the greatest common factor of 125 and 151150800.
25
Calculate the highest common factor of 54 and 63542637.
27
Calculate the greatest common divisor of 239409800 and 1400.
1400
Calculate the greatest common divisor of 5234517 and 3969.
27
What is the highest common divisor of 59045 and 37730?
245
What is the greatest common factor of 18293193 and 1395?
279
Calculate the greatest common divisor of 4480 and 63789040.
560
What is the highest common divisor of 639 and 3750717?
213
What is the highest common factor of 3521 and 235571?
7
Calculate the highest common divisor of 5283 and 10783777.
587
Calculate the greatest common factor of 7120 and 109955940.
1780
What is the greatest common factor of 2490 and 904093270?
830
What is the highest common factor of 910 and 540840?
10
Calculate the highest common divisor of 18 and 131026518.
18
Calculate the highest common factor of 408331 and 110.
11
Calculate the highest common divisor of 49543865 and 833.
119
Calculate the highest common divisor of 782 and 13945797.
391
Calculate the greatest common divisor of 72 and 11785887.
9
Calculate the greatest common divisor of 93145 and 127537.
1433
What is the highest common factor of 4760 and 8356520?
680
Calculate the greatest common factor of 132920312 and 124.
124
What is the highest common factor of 15418 and 857371853?
7709
What is the highest common divisor of 384006 and 3297?
21
Calculate the greatest common factor of 2926 and 784553.
77
Calculate the highest common divisor of 73868593 and 41.
41
What is the highest common factor of 1855623 and 108141?
957
Calculate the highest common divisor of 339660 and 177140.
340
What is the highest common divisor of 298532 and 31980?
52
Calculate the greatest common factor of 6057583 and 3695.
739
What is the highest common factor of 435870000 and 522?
522
What is the greatest common factor of 15 and 3433848?
3
Calculate the greatest common divisor of 1024 and 7282560.
128
Calculate the highest common factor of 27665021 and 23.
23
Calculate the greatest common divisor of 944 and 4628796384.
944
What is the greatest common divisor of 125 and 537475925?
25
What is the greatest common factor of 100017754 and 138?
46
Calculate the highest common divisor of 13689932 and 4.
4
What is the highest common divisor of 1293190 and 11390?
170
Calculate the greatest common divisor of 2808 and 492284.
52
Calculate the greatest common divisor of 33420 and 274410.
30
Calculate the highest common divisor of 16678696 and 3684.
1228
Calculate the highest common divisor of 19698 and 9900858.
402
What is the greatest common factor of 350 and 195741525?
175
Calculate the greatest common factor of 308108 and 164.
4
What is the greatest common divisor of 359115 and 33375?
1335
What is the greatest common divisor of 12 and 76783116?
12
What is the highest common factor of 55 and 2749582?
11
Calculate the greatest common factor of 551 and 5991365.
19
What is the greatest common factor of 262851 and 212052?
123
What is the highest common factor of 87159 and 12291?
51
What is the greatest common divisor of 4185051848 and 184?
184
Calculate the highest common divisor of 1482908 and 59738.
3514
What is the highest common divisor of 703728 and 3024?
432
Calculate the highest common factor of 336621547 and 6739.
293
Calculate the highest common divisor of 535423 and 175469.
49
Calculate the greatest common divisor of 81561308 and 1112.
556
What is the greatest common divisor of 46 and 790312338?
46
Calculate the greatest common divisor of 3283941 and 152.
19
What is the greatest common divisor of 29787 and 969?
3
What is the greatest common factor of 397701985 and 1355?
1355
Calculate the highest common divisor of 78 and 16117257.
39
Calculate the highest common factor of 2215 and 31872964.
443
What is the highest common divisor of 17 and 154034178?
17
What is the greatest common divisor of 1037 and 5648173?
61
Calculate the highest common divisor of 10980 and 1311480.
180
What is the highest common factor of 73 and 8161?
1
Calculate the greatest common divisor of 16653624 and 520.
104
What is the highest common divisor of 12255 and 70176?
129
Calculate the greatest common divisor of 382812448 and 1371.
457
Calculate the highest common factor of 1460585 and 19285.
1015
Calculate the highest common factor of 174 and 111742.
2
Calculate the greatest common factor of 17195736 and 6304.
1576
Calculate the highest common factor of 7521629 and 1473.
491
Calculate the highest common factor of 16 and 18531182.
2
What is the highest common divisor of 3885916 and 148?
4
What is the highest common factor of 483028582 and 493?
493
What is the greatest common divisor of 28336 and 29458814?
3542
What is the highest common factor of 4760427 and 530392?
397
What is the highest common factor of 2847 and 404493?
219
Calculate the highest common factor of 41086250 and 6250.
1250
What is the highest common divisor of 2913 and 13159963?
971
Calculate the highest common factor of 87 and 11762371.
29
What is the greatest common divisor of 91483960 and 40?
40
Calculate the greatest common divisor of 5314793 and 363.
11
What is the greatest common factor of 30 and 1096245?
15
Calculate the greatest common factor of 3132 and 153372.
12
Calculate the highest common divisor of 3910 and 48655.
5
Calculate the greatest common divisor of 16 and 157699.
1
What is the greatest common factor of 1176 and 4789200?
24
What is the highest common divisor of 757260225 and 300?
75
Calculate the highest common factor of 109857 and 1461431.
3329
What is the highest common factor of 34240 and 2120740?
2140
What is the greatest common factor of 57345807 and 1533?
219
Calculate the highest common factor of 7266745 and 25.
5
Calculate the highest common divisor of 17554 and 5224928.
134
Calculate the greatest common factor of 978 and 4567749.
489
Calculate the greatest common factor of 960 and 196858